{"id":163,"date":"2015-06-09T09:40:11","date_gmt":"2015-06-09T09:40:11","guid":{"rendered":"https:\/\/parafiatokarnia.pl\/?page_id=163"},"modified":"2015-07-31T08:02:38","modified_gmt":"2015-07-31T08:02:38","slug":"grupy-parafialne","status":"publish","type":"page","link":"https:\/\/parafiatokarnia.pl\/?page_id=163","title":{"rendered":"Grupy parafialne"},"content":{"rendered":"<p><a href=\"https:\/\/parafiatokarnia.pl\/?page_id=169\"><img decoding=\"async\" class=\"sak lazyload\" style=\"--smush-placeholder-width: 300px; --smush-placeholder-aspect-ratio: 300\/169;height: 169px; max-width: 30%; margin: 1%;\" data-src=\"https:\/\/parafiatokarnia.pl\/wp-content\/uploads\/2015\/06\/mlodziez-300x192.jpg\" alt=\"chrzest\" width=\"300\" height=\"169\" title=\"Grupa M\u0142odzie\u017cowa\" src=\"data:image\/svg+xml;base64,PHN2ZyB3aWR0aD0iMSIgaGVpZ2h0PSIxIiB4bWxucz0iaHR0cDovL3d3dy53My5vcmcvMjAwMC9zdmciPjwvc3ZnPg==\" \/> <\/a><a href=\"https:\/\/parafiatokarnia.pl\/?page_id=167\"><img decoding=\"async\" class=\"sak lazyload\" style=\"--smush-placeholder-width: 300px; --smush-placeholder-aspect-ratio: 300\/169;height: 169px; max-width: 30%; margin: 1%;\" data-src=\"https:\/\/parafiatokarnia.pl\/wp-content\/uploads\/2015\/06\/532_w-300x200.jpg\" alt=\"duchsw\" width=\"300\" height=\"169\" title=\"Schola \u015anie\u017cnej Pani\" src=\"data:image\/svg+xml;base64,PHN2ZyB3aWR0aD0iMSIgaGVpZ2h0PSIxIiB4bWxucz0iaHR0cDovL3d3dy53My5vcmcvMjAwMC9zdmciPjwvc3ZnPg==\" \/> <\/a><a href=\"https:\/\/parafiatokarnia.pl\/?page_id=595\"><img decoding=\"async\" class=\"sak lazyload\" style=\"--smush-placeholder-width: 300px; --smush-placeholder-aspect-ratio: 300\/169;height: 169px; max-width: 30%; margin: 1%;\" data-src=\"https:\/\/parafiatokarnia.pl\/wp-content\/uploads\/2015\/06\/roze-300x225.jpg\" alt=\"eucharystia1\" width=\"300\" height=\"169\" title=\"Stowarzyszenie \u017bywego R\u00f3\u017ca\u0144ca\" src=\"data:image\/svg+xml;base64,PHN2ZyB3aWR0aD0iMSIgaGVpZ2h0PSIxIiB4bWxucz0iaHR0cDovL3d3dy53My5vcmcvMjAwMC9zdmciPjwvc3ZnPg==\" \/> <\/a><br \/>\n<a href=\"https:\/\/parafiatokarnia.pl\/?page_id=165\"><img decoding=\"async\" class=\"sak lazyload\" style=\"--smush-placeholder-width: 300px; --smush-placeholder-aspect-ratio: 300\/169;height: 169px; max-width: 30%; margin: 1%;\" data-src=\"https:\/\/parafiatokarnia.pl\/wp-content\/uploads\/2015\/06\/lso-300x204.jpg\" alt=\"pokuta-konfesjonal\" width=\"300\" height=\"169\" title=\"Liturgiczna S\u0142u\u017cba O\u0142tartza\" src=\"data:image\/svg+xml;base64,PHN2ZyB3aWR0aD0iMSIgaGVpZ2h0PSIxIiB4bWxucz0iaHR0cDovL3d3dy53My5vcmcvMjAwMC9zdmciPjwvc3ZnPg==\" \/> <\/a><a href=\"https:\/\/parafiatokarnia.pl\/?page_id=177\"><img decoding=\"async\" class=\"sak lazyload\" style=\"--smush-placeholder-width: 300px; --smush-placeholder-aspect-ratio: 300\/169;height: 169px; max-width: 30%; margin: 1%;\" data-src=\"https:\/\/parafiatokarnia.pl\/wp-content\/uploads\/2015\/06\/niepokalane-serce-maryi_2-bp-blogspot-com-300x232.jpg\" alt=\"namaszczenie1\" width=\"300\" height=\"169\" title=\"Czciciele Niepokalanego Serca Naj\u015bwi\u0119tszej Marii Panny\" src=\"data:image\/svg+xml;base64,PHN2ZyB3aWR0aD0iMSIgaGVpZ2h0PSIxIiB4bWxucz0iaHR0cDovL3d3dy53My5vcmcvMjAwMC9zdmciPjwvc3ZnPg==\" \/> <\/a><a href=\"https:\/\/parafiatokarnia.pl\/?page_id=173\"><img decoding=\"async\" class=\"sak lazyload\" style=\"--smush-placeholder-width: 300px; --smush-placeholder-aspect-ratio: 300\/169;height: 169px; max-width: 30%; margin: 1%;\" data-src=\"https:\/\/parafiatokarnia.pl\/wp-content\/uploads\/2015\/06\/nspj13-300x129.jpg\" alt=\"0491\" width=\"300\" height=\"169\" title=\"Arcybractwo Stra\u017cy Honorowej NSPJ\" src=\"data:image\/svg+xml;base64,PHN2ZyB3aWR0aD0iMSIgaGVpZ2h0PSIxIiB4bWxucz0iaHR0cDovL3d3dy53My5vcmcvMjAwMC9zdmciPjwvc3ZnPg==\" \/> <\/a><br \/>\n<a href=\"https:\/\/parafiatokarnia.pl\/?page_id=175\"><img decoding=\"async\" class=\"sak lazyload\" style=\"--smush-placeholder-width: 300px; --smush-placeholder-aspect-ratio: 300\/169;height: 169px; max-width: 30%; margin: 1%;\" data-src=\"https:\/\/parafiatokarnia.pl\/wp-content\/uploads\/2015\/06\/adp-300x224.jpg\" alt=\"malz\" width=\"300\" height=\"169\" title=\"Apostolskie Dzie\u0142o Pomocy dla Czy\u015b\u0107ca\" src=\"data:image\/svg+xml;base64,PHN2ZyB3aWR0aD0iMSIgaGVpZ2h0PSIxIiB4bWxucz0iaHR0cDovL3d3dy53My5vcmcvMjAwMC9zdmciPjwvc3ZnPg==\" \/> <\/a><\/p>\n","protected":false},"excerpt":{"rendered":"","protected":false},"author":2,"featured_media":0,"parent":0,"menu_order":0,"comment_status":"closed","ping_status":"open","template":"","meta":{"footnotes":""},"class_list":["post-163","page","type-page","status-publish","hentry"],"_links":{"self":[{"href":"https:\/\/parafiatokarnia.pl\/index.php?rest_route=\/wp\/v2\/pages\/163","targetHints":{"allow":["GET"]}}],"collection":[{"href":"https:\/\/parafiatokarnia.pl\/index.php?rest_route=\/wp\/v2\/pages"}],"about":[{"href":"https:\/\/parafiatokarnia.pl\/index.php?rest_route=\/wp\/v2\/types\/page"}],"author":[{"embeddable":true,"href":"https:\/\/parafiatokarnia.pl\/index.php?rest_route=\/wp\/v2\/users\/2"}],"replies":[{"embeddable":true,"href":"https:\/\/parafiatokarnia.pl\/index.php?rest_route=%2Fwp%2Fv2%2Fcomments&post=163"}],"version-history":[{"count":9,"href":"https:\/\/parafiatokarnia.pl\/index.php?rest_route=\/wp\/v2\/pages\/163\/revisions"}],"predecessor-version":[{"id":1090,"href":"https:\/\/parafiatokarnia.pl\/index.php?rest_route=\/wp\/v2\/pages\/163\/revisions\/1090"}],"wp:attachment":[{"href":"https:\/\/parafiatokarnia.pl\/index.php?rest_route=%2Fwp%2Fv2%2Fmedia&parent=163"}],"curies":[{"name":"wp","href":"https:\/\/api.w.org\/{rel}","templated":true}]}}