{"id":155,"date":"2015-06-09T09:33:43","date_gmt":"2015-06-09T09:33:43","guid":{"rendered":"https:\/\/parafiatokarnia.pl\/?page_id=155"},"modified":"2018-08-09T08:28:54","modified_gmt":"2018-08-09T08:28:54","slug":"cudowny-obraz-mb-snieznej","status":"publish","type":"page","link":"https:\/\/parafiatokarnia.pl\/?page_id=155","title":{"rendered":"Cudowny obraz Matki Bo\u017cej \u015anie\u017cnej"},"content":{"rendered":"<p align=\"JUSTIFY\">Tytu\u0142 \u201e\u015anie\u017cna\u201d, nadany przez tradycj\u0119 Matce Bo\u017cej, zwi\u0105zany jest z najwi\u0119ksz\u0105 \u015bwi\u0105tyni\u0105 Jej dedykowan\u0105 na Zachodzie, mianowicie Bazylik\u0105 Matki Bo\u017cej Wi\u0119kszej w Rzymie. Wed\u0142ug legendy, upowszechnionej w ko\u0144cu XIII wieku, \u201eza papie\u017ca Liberiusza (352-366) patrycjusz rzymski Jan i jego szlachetna ma\u0142\u017conka, nie maj\u0105c potomstwa postanowili Matk\u0119 Bo\u017c\u0105 uczyni\u0107 spadkobierczyni\u0105 swego wielkiego maj\u0105tku. Oboje ma\u0142\u017conkowie prosili gor\u0105co Boga, by wola Naj\u015bwi\u0119tszej Panny dotycz\u0105ca dobrego zu\u017cytkowania ich posiad\u0142o\u015bci zosta\u0142a im w jaki\u015b spos\u00f3b objawiona. Matka Bo\u017ca wys\u0142ucha\u0142a ich pro\u015bby i potwierdzi\u0142a to niezwyk\u0142ym zjawiskiem.<\/p>\n<p align=\"JUSTIFY\">W nocy 5 sierpnia, a wi\u0119c w czasie, gdy w Rzymie bywaj\u0105 najwi\u0119ksze upa\u0142y, cz\u0119\u015b\u0107 wzg\u00f3rza eskwili\u0144skiego pokry\u0142a si\u0119 \u015bniegiem. Tej nocy Matka Bo\u017ca objawi\u0142a si\u0119 we \u015bnie obojgu ma\u0142\u017conkom i ka\u017cdemu z nich przed\u0142o\u017cy\u0142a swoje \u017cyczenie, aby tam, gdzie znajd\u0105 \u015bnieg na wzg\u00f3rzu, ku Jej czci zbudowali ko\u015bci\u00f3\u0142. W taki w\u0142a\u015bnie spos\u00f3b chcia\u0142a zosta\u0107 ich spadkobierczyni\u0105. Patrycjusz Jan powiadomi\u0142 o tym papie\u017ca Liberiusza, kt\u00f3ry mia\u0142 identyczny sen. Rano wi\u0119c uda\u0142 si\u0119 papie\u017c, otoczony klerem i ludem, w uroczystej procesji na pokryte \u015bniegiem wzg\u00f3rze i tam oznaczy\u0142 miejsce na budow\u0119 ko\u015bcio\u0142a Panny Maryi\u201d (J. J. Kope\u0107).<\/p>\n<p align=\"JUSTIFY\">Bazylika rzeczywi\u015bcie zosta\u0142a wybudowana za papie\u017ca Liberiusza i przez niego po\u015bwi\u0119cona. Kolejni papie\u017ce przebudowywali t\u0119 \u015bwi\u0105tyni\u0119 i j\u0105 upi\u0119kszali. W tej Bazylice s\u0105 relikwie \u017c\u0142\u00f3bka Pana Jezusa, groby siedmiu papie\u017cy, w\u015br\u00f3d nich relikwie \u015bw. Piusa V oraz kaplica z cudownym obrazem Matki Bo\u017cej \u015anie\u017cnej, zwanym te\u017c Salus Populi Romani, czyli Ocalenie Ludu Rzymskiego.<\/p>\n<p style=\"text-align: center;\" align=\"JUSTIFY\"><a href=\"https:\/\/parafiatokarnia.pl\/wp-content\/uploads\/2015\/06\/salus-populi-romani2016.jpg\"><img decoding=\"async\" class=\"aligncenter size-full wp-image-5339 lazyload\" data-src=\"https:\/\/parafiatokarnia.pl\/wp-content\/uploads\/2015\/06\/salus-populi-romani2016.jpg\" alt=\"salus populi romani2016\" width=\"500\" height=\"739\" data-srcset=\"https:\/\/parafiatokarnia.pl\/wp-content\/uploads\/2015\/06\/salus-populi-romani2016.jpg 500w, https:\/\/parafiatokarnia.pl\/wp-content\/uploads\/2015\/06\/salus-populi-romani2016-203x300.jpg 203w\" data-sizes=\"(max-width: 500px) 100vw, 500px\" src=\"data:image\/svg+xml;base64,PHN2ZyB3aWR0aD0iMSIgaGVpZ2h0PSIxIiB4bWxucz0iaHR0cDovL3d3dy53My5vcmcvMjAwMC9zdmciPjwvc3ZnPg==\" style=\"--smush-placeholder-width: 500px; --smush-placeholder-aspect-ratio: 500\/739;\" \/><\/a><\/p>\n<p align=\"JUSTIFY\">Ikona Matki Bo\u017cej pochodzi z XII wieku i nale\u017cy do bizantyjskiego typu Panagia Hodegetria. Tego rodzaju przedstawienia Matki Bo\u017cej \u201eukazuj\u0105cej drog\u0119\u201d do Chrystusa opiera\u0142y si\u0119 na wzorze ikony przypisywanej \u015bw. \u0141ukaszowi, czczonej w jednym z ko\u015bcio\u0142\u00f3w Konstantynopola. Matka Bo\u017ca jest ukazana w postawie stoj\u0105cej, w p\u00f3\u0142postaci, Maryja podtrzymuje na lewym ramieniu b\u0142ogos\u0142awi\u0105ce Dzieci\u0105tko Jezus, kt\u00f3re trzyma w lewej r\u0119ce ksi\u0119g\u0119. Matka Bo\u017ca ma pier\u015bcie\u0144 na r\u0119ku, bogaty naszyjnik na szyi z du\u017cym kosztownym krzy\u017cem. Maryja w r\u0119ku trzyma chust\u0119. Popularnie t\u0142umaczy si\u0119, \u017ce Matka Bo\u017ca t\u0105 chust\u0105 ociera ludzkie \u0142zy, jest Matk\u0105 Pocieszenia. Obraz jest ozdobiony papieskimi koronami (K. S. Moisan, W. Zaleski).<\/p>\n<p style=\"text-align: justify;\" align=\"JUSTIFY\">Nazwa ikony &#8211; <em>Ocalenie Ludu Rzymskiego<\/em> &#8211; nawi\u0105zuje do przekonania mieszka\u0144c\u00f3w Wiecznego Miasta, \u017ce Matka Boska \u015anie\u017cna wiele razy spieszy\u0142a im z pomoc\u0105. Najbardziej tego do\u015bwiadczono w roku 1571, w kt\u00f3rym mia\u0142a miejsce jedna z najwi\u0119kszych bitew morskich pomi\u0119dzy zjednoczonymi flotami chrze\u015bcija\u0144skimi a flot\u0105 tureck\u0105. W dniu 7 pa\u017adziernika, niedaleko miejscowo\u015bci Lepanto, zjednoczona armada Hiszpanii, Wenecji i Pa\u0144stwa Ko\u015bcielnego odnios\u0142a zwyci\u0119stwo nad o wiele wi\u0119ksz\u0105 flot\u0105 tureck\u0105. Tego dnia pod przewodnictwem papie\u017ca Piusa V odbywa\u0142a si\u0119 w Rzymie wielka pokutna procesja r\u00f3\u017ca\u0144cowa. W procesji papie\u017c szed\u0142 boso, niesiono obraz Matki Boskiej \u015anie\u017cnej. Uczestnicy procesji byli przekonani, \u017ce to Matka Bo\u017ca kolejny raz przysz\u0142a z pomoc\u0105 i ocali\u0142a chrze\u015bcija\u0144stwo. Na t\u0119 pami\u0105tk\u0119 papie\u017c Pius V wprowadzi\u0142 \u015bwi\u0119to Matki Bo\u017cej R\u00f3\u017ca\u0144cowej, obchodzone wsp\u00f3\u0142cze\u015bnie 7 pa\u017adziernika jako wspomnienie obowi\u0105zuj\u0105ce.<\/p>\n<p style=\"text-align: justify;\" align=\"JUSTIFY\">W dzie\u0144 dedykacji Bazyliki Matki Bo\u017cej Wi\u0119kszej, 5 sierpnia, w kaplicy Matki Bo\u017cej z kopu\u0142y spuszcza si\u0119 p\u0142atki bia\u0142ych r\u00f3\u017c na znak wielu \u0142ask, jakie sp\u0142ywaj\u0105 na ludzi za Jej wstawiennictwem. Maryjna \u015bwi\u0105tynia z biegiem czasu nabra\u0142a wielkiego symbolicznego znaczenia. \u201eW my\u015bl legendy w \u017carze nami\u0119tno\u015bci, kt\u00f3re z\u017ceraj\u0105 rodzaj ludzki, Maryja stoi jak \u015bnieg nietkni\u0119ta w swoim dziewictwie, czysta jak pierwszy \u015bnieg\u201d (J. Drozd). W tej Bazylice przed cudownym obrazem cz\u0119sto modli\u0142 si\u0119 \u015bw. Stanis\u0142aw Kostka. Z dniem Matki Boskiej \u015anie\u017cnej \u0142\u0105czy si\u0119 \u015bmier\u0107 kardyna\u0142a Stanis\u0142awa Hozjusza, biskupa warmi\u0144skiego, kt\u00f3ry tego dnia rano odmawia\u0142 brewiarz w kaplicy Matki Bo\u017cej wraz ze swoim sekretarzem ks. Tomaszem Treterem, kt\u00f3ry w mowie pogrzebowej wspomina\u0142: \u201etak tedy w dzie\u0144 Naj\u015bwi\u0119tszej Maryi Panny, kt\u00f3r\u0105 zawsze szczeg\u00f3ln\u0105 otacza\u0142 pobo\u017cno\u015bci\u0105, w wigili\u0119 Przemienienia przeszed\u0142 do wesela\u201d (J. J. Kope\u0107).<\/p>\n<p style=\"text-align: justify;\" align=\"JUSTIFY\">\u015awi\u0119to Matki Boskiej \u015anie\u017cnej rozpowszechni\u0142o si\u0119 w Polsce w wieku XV, natomiast liczne Jej wizerunki, cz\u0119sto przywo\u017cone z Rzymu, zacz\u0119\u0142y si\u0119 upowszechnia\u0107 od 1600 roku. Cz\u0119sto te obrazy umieszczano w kaplicach bractw r\u00f3\u017ca\u0144cowych, dlatego te\u017c nazywano je obrazami Matki Bo\u017cej R\u00f3\u017ca\u0144cowej.<\/p>\n<p style=\"text-align: justify;\" align=\"JUSTIFY\">8 pa\u017adziernika 2016 roku odby\u0142a si\u0119 w naszej parafialnej wsp\u00f3lnocie koronacja cudownego obrazu Matki Bo\u017cej \u015anie\u017cnej. Korony na skronie Maryi i Jej Syna na\u0142o\u017cy\u0142 ks. kardyna\u0142 Stanis\u0142aw Dziwisz, metropolita krakowski.<\/p>\n<p style=\"text-align: justify;\" align=\"JUSTIFY\"><a href=\"https:\/\/parafiatokarnia.pl\/wp-content\/uploads\/2015\/06\/koronacja.jpg\"><img decoding=\"async\" class=\"aligncenter size-large wp-image-5335 lazyload\" data-src=\"https:\/\/parafiatokarnia.pl\/wp-content\/uploads\/2015\/06\/koronacja-1024x683.jpg\" alt=\"koronacja\" width=\"880\" height=\"587\" data-srcset=\"https:\/\/parafiatokarnia.pl\/wp-content\/uploads\/2015\/06\/koronacja-1024x683.jpg 1024w, https:\/\/parafiatokarnia.pl\/wp-content\/uploads\/2015\/06\/koronacja-300x200.jpg 300w, https:\/\/parafiatokarnia.pl\/wp-content\/uploads\/2015\/06\/koronacja-768x512.jpg 768w, https:\/\/parafiatokarnia.pl\/wp-content\/uploads\/2015\/06\/koronacja-600x400.jpg 600w, https:\/\/parafiatokarnia.pl\/wp-content\/uploads\/2015\/06\/koronacja-1280x853.jpg 1280w, https:\/\/parafiatokarnia.pl\/wp-content\/uploads\/2015\/06\/koronacja.jpg 1500w\" data-sizes=\"(max-width: 880px) 100vw, 880px\" src=\"data:image\/svg+xml;base64,PHN2ZyB3aWR0aD0iMSIgaGVpZ2h0PSIxIiB4bWxucz0iaHR0cDovL3d3dy53My5vcmcvMjAwMC9zdmciPjwvc3ZnPg==\" style=\"--smush-placeholder-width: 880px; --smush-placeholder-aspect-ratio: 880\/587;\" \/><\/a><\/p>\n<p style=\"text-align: justify;\" align=\"JUSTIFY\">Liturgiczny obch\u00f3d ku czci Matki Boskiej \u015anie\u017cnej nosi nazw\u0119 \u201eRocznicy Po\u015bwi\u0119cenia Rzymskiej Bazyliki Naj\u015bwi\u0119tszej Maryi Panny\u201d, ma charakter dowolny i przypada na dzie\u0144 5 sierpnia.<\/p>\n<p style=\"text-align: justify;\" align=\"JUSTIFY\">W tym dniu w naszej Parafii Matki Bo\u017cej \u015anie\u017cnej, Opiekunki dzieci, w Tokarni prze\u017cywamy uroczysto\u015bci odpustowe ku czci Pani Tokarskiej.<\/p>\n<p style=\"text-align: justify;\" align=\"JUSTIFY\">W roku 2017 nasza parafia prze\u017cywa\u0142a 35. rocznic\u0119 jej powstania. \u00a0W roku jubileuszowym sum\u0119 odpustow\u0105 5 sierpnia 2017 celebrowa\u0142 ks. kard. Stanis\u0142aw Dziwisz, metropolita krakowski &#8211; senior i koronator obrazu.<\/p>\n<p style=\"text-align: justify;\" align=\"JUSTIFY\">Po ka\u017cdej mszy \u015bw. w dniu odpustu parafialnego odbywa si\u0119 tradycyjne b\u0142ogos\u0142awie\u0144stwo dzieci.<\/p>\n","protected":false},"excerpt":{"rendered":"<p>Tytu\u0142 \u201e\u015anie\u017cna\u201d, nadany przez tradycj\u0119 Matce Bo\u017cej, zwi\u0105zany jest z najwi\u0119ksz\u0105 \u015bwi\u0105tyni\u0105 Jej dedykowan\u0105 na Zachodzie, mianowicie Bazylik\u0105 Matki Bo\u017cej Wi\u0119kszej w Rzymie. Wed\u0142ug legendy, upowszechnionej w ko\u0144cu XIII wieku, \u201eza papie\u017ca Liberiusza (352-366) patrycjusz rzymski Jan i jego szlachetna ma\u0142\u017conka, nie maj\u0105c potomstwa postanowili Matk\u0119 Bo\u017c\u0105 uczyni\u0107 spadkobierczyni\u0105 swego wielkiego maj\u0105tku. Oboje ma\u0142\u017conkowie prosili [&hellip;]<\/p>\n","protected":false},"author":2,"featured_media":0,"parent":149,"menu_order":0,"comment_status":"closed","ping_status":"closed","template":"","meta":{"footnotes":""},"class_list":["post-155","page","type-page","status-publish","hentry"],"_links":{"self":[{"href":"https:\/\/parafiatokarnia.pl\/index.php?rest_route=\/wp\/v2\/pages\/155","targetHints":{"allow":["GET"]}}],"collection":[{"href":"https:\/\/parafiatokarnia.pl\/index.php?rest_route=\/wp\/v2\/pages"}],"about":[{"href":"https:\/\/parafiatokarnia.pl\/index.php?rest_route=\/wp\/v2\/types\/page"}],"author":[{"embeddable":true,"href":"https:\/\/parafiatokarnia.pl\/index.php?rest_route=\/wp\/v2\/users\/2"}],"replies":[{"embeddable":true,"href":"https:\/\/parafiatokarnia.pl\/index.php?rest_route=%2Fwp%2Fv2%2Fcomments&post=155"}],"version-history":[{"count":17,"href":"https:\/\/parafiatokarnia.pl\/index.php?rest_route=\/wp\/v2\/pages\/155\/revisions"}],"predecessor-version":[{"id":6032,"href":"https:\/\/parafiatokarnia.pl\/index.php?rest_route=\/wp\/v2\/pages\/155\/revisions\/6032"}],"up":[{"embeddable":true,"href":"https:\/\/parafiatokarnia.pl\/index.php?rest_route=\/wp\/v2\/pages\/149"}],"wp:attachment":[{"href":"https:\/\/parafiatokarnia.pl\/index.php?rest_route=%2Fwp%2Fv2%2Fmedia&parent=155"}],"curies":[{"name":"wp","href":"https:\/\/api.w.org\/{rel}","templated":true}]}}