{"id":143,"date":"2015-06-09T09:32:44","date_gmt":"2015-06-09T09:32:44","guid":{"rendered":"https:\/\/parafiatokarnia.pl\/?page_id=143"},"modified":"2015-07-07T13:27:54","modified_gmt":"2015-07-07T13:27:54","slug":"namaszczenie-chorych","status":"publish","type":"page","link":"https:\/\/parafiatokarnia.pl\/?page_id=143","title":{"rendered":"Namaszczenie chorych"},"content":{"rendered":"<h5 style=\"text-align: center;\">&#8222;Choruje kto\u015b w\u015br\u00f3d was? Niech sprowadzi kap\u0142an\u00f3w Ko\u015bcio\u0142a, by si\u0119 modlili nad nim i nama\u015bcili go olejem w imi\u0119 Pana. A modlitwa pe\u0142na wiary b\u0119dzie dla chorego ratunkiem i Pan go pod\u017awignie, a je\u015bliby pope\u0142ni\u0142 grzechy, b\u0119d\u0105 mu odpuszczone&#8221;<\/h5>\n<h5 style=\"text-align: center;\">(Jk 5, 14-15)<\/h5>\n<p style=\"text-align: justify;\">Namaszczenie chorych to sakrament, kt\u00f3ry udziela specjalnej \u0142aski chrze\u015bcijaninowi do\u015bwiadczonemu ci\u0119\u017ck\u0105 chorob\u0105 lub staro\u015bci\u0105.<\/p>\n<p style=\"text-align: justify;\">Sakrament namaszczenia chorych rodzi u niekt\u00f3rych katolik\u00f3w wiele l\u0119k\u00f3w i obaw. Do\u015b\u0107 cz\u0119sto wzywaj\u0105 kap\u0142ana dopiero wtedy, gdy chory ju\u017c umar\u0142, poniewa\u017c obawiaj\u0105 si\u0119, by nie przerazi\u0107 zbytnio konaj\u0105cego propozycj\u0105 przyj\u0119cia tego sakramentu.<\/p>\n<p style=\"text-align: justify;\">Namaszczenie chorych jest sakramentem cz\u0142owieka chorego, a nie zmar\u0142ego. Starajmy si\u0119 zadba\u0107 o to by nasi chorzy, kt\u00f3rzy z nami przebywaj\u0105 w domu lub s\u0105siedztwie w odpowiednim czasie, \u015bwiadomie przyj\u0119li \u0142ask\u0119 tego sakramentu. Chorych prosimy zg\u0142asza\u0107 do ksi\u0119\u017cy.<\/p>\n<p style=\"text-align: justify;\">Stosowny czas na przyj\u0119cie namaszczenia chorych zachodzi wtedy, gdy wierny staje wobec niebezpiecze\u0144stwa \u015bmierci z powodu choroby lub staro\u015bci.<\/p>\n<p style=\"text-align: justify;\">Sakrament chorych chrze\u015bcijanin mo\u017ce przyjmowa\u0107 wiele razy, kiedy zostaje dotkni\u0119ty ci\u0119\u017ck\u0105 chorob\u0105; r\u00f3wnie\u017c wtedy, gdy nast\u0105pi\u0142o nasilenie choroby.<\/p>\n<p style=\"text-align: justify;\">Pami\u0119tajmy, wszystkie sakramenty \u015bwi\u0119te s\u0105 dla \u017cywych!<\/p>\n<p>Do istoty tego sakramentu nale\u017cy namaszczenie czo\u0142a i r\u0105k chorego, z towarzysz\u0105c\u0105 modlitw\u0105 o specjaln\u0105 \u0142ask\u0119 p\u0142yn\u0105c\u0105 z tego sakramentu. Kap\u0142an namaszczaj\u0105c wypowiada s\u0142owa: \u201ePrzez to \u015bwi\u0119te namaszczenie niech Pan w swoim niesko\u0144czonym mi\u0142osierdziu wspomo\u017ce ciebie \u0142ask\u0105 Ducha \u015awi\u0119tego. Amen. Pan, kt\u00f3ry odpuszcza ci grzechy, niech ci\u0119 wybawi i \u0142askawie pod\u017awignie. Amen&#8221;.<\/p>\n<p>Skutki sakramentu namaszczenia chorych s\u0105 nast\u0119puj\u0105ce:<\/p>\n<ul>\n<li>zjednoczenie chorego z m\u0119k\u0105 Chrystusa dla dobra chorego i ca\u0142ego Ko\u015bcio\u0142a;<\/li>\n<li>umocnienie do przyjmowania po chrze\u015bcija\u0144sku cierpie\u0144 zwi\u0105zanych z chorob\u0105 lub staro\u015bci\u0105 (umocnienie w cierpieniu);<\/li>\n<li>przebaczenie grzech\u00f3w, je\u015bli chory nie m\u00f3g\u0142 go otrzyma\u0107 przez sakrament pokuty;<\/li>\n<li>umacnia ufno\u015b\u0107 w Bogu, uzbraja przeciw pokusom szatana i trwodze \u015bmierci;<\/li>\n<li>powr\u00f3t do zdrowia, je\u015bli to s\u0142u\u017cy dobru duchowemu chorego;<\/li>\n<li>przygotowanie na przej\u015bcie do \u017cycia wiecznego.<\/li>\n<\/ul>\n","protected":false},"excerpt":{"rendered":"<p>&#8222;Choruje kto\u015b w\u015br\u00f3d was? Niech sprowadzi kap\u0142an\u00f3w Ko\u015bcio\u0142a, by si\u0119 modlili nad nim i nama\u015bcili go olejem w imi\u0119 Pana. A modlitwa pe\u0142na wiary b\u0119dzie dla chorego ratunkiem i Pan go pod\u017awignie, a je\u015bliby pope\u0142ni\u0142 grzechy, b\u0119d\u0105 mu odpuszczone&#8221; (Jk 5, 14-15) Namaszczenie chorych to sakrament, kt\u00f3ry udziela specjalnej \u0142aski chrze\u015bcijaninowi do\u015bwiadczonemu ci\u0119\u017ck\u0105 chorob\u0105 lub [&hellip;]<\/p>\n","protected":false},"author":2,"featured_media":783,"parent":208,"menu_order":0,"comment_status":"closed","ping_status":"closed","template":"","meta":{"footnotes":""},"class_list":["post-143","page","type-page","status-publish","has-post-thumbnail","hentry"],"_links":{"self":[{"href":"https:\/\/parafiatokarnia.pl\/index.php?rest_route=\/wp\/v2\/pages\/143","targetHints":{"allow":["GET"]}}],"collection":[{"href":"https:\/\/parafiatokarnia.pl\/index.php?rest_route=\/wp\/v2\/pages"}],"about":[{"href":"https:\/\/parafiatokarnia.pl\/index.php?rest_route=\/wp\/v2\/types\/page"}],"author":[{"embeddable":true,"href":"https:\/\/parafiatokarnia.pl\/index.php?rest_route=\/wp\/v2\/users\/2"}],"replies":[{"embeddable":true,"href":"https:\/\/parafiatokarnia.pl\/index.php?rest_route=%2Fwp%2Fv2%2Fcomments&post=143"}],"version-history":[{"count":14,"href":"https:\/\/parafiatokarnia.pl\/index.php?rest_route=\/wp\/v2\/pages\/143\/revisions"}],"predecessor-version":[{"id":785,"href":"https:\/\/parafiatokarnia.pl\/index.php?rest_route=\/wp\/v2\/pages\/143\/revisions\/785"}],"up":[{"embeddable":true,"href":"https:\/\/parafiatokarnia.pl\/index.php?rest_route=\/wp\/v2\/pages\/208"}],"wp:featuredmedia":[{"embeddable":true,"href":"https:\/\/parafiatokarnia.pl\/index.php?rest_route=\/wp\/v2\/media\/783"}],"wp:attachment":[{"href":"https:\/\/parafiatokarnia.pl\/index.php?rest_route=%2Fwp%2Fv2%2Fmedia&parent=143"}],"curies":[{"name":"wp","href":"https:\/\/api.w.org\/{rel}","templated":true}]}}