{"id":1020,"date":"2015-07-07T13:58:33","date_gmt":"2015-07-07T13:58:33","guid":{"rendered":"https:\/\/parafiatokarnia.pl\/?page_id=1020"},"modified":"2022-07-01T14:03:53","modified_gmt":"2022-07-01T14:03:53","slug":"nabozenstwa","status":"publish","type":"page","link":"https:\/\/parafiatokarnia.pl\/?page_id=1020","title":{"rendered":"Nabo\u017ce\u0144stwa"},"content":{"rendered":"<p>Eucharystia<\/p>\n<p><span style=\"color: #ff0000;\">Msze \u015bw. w niedziele: 7.00, 9.00, 11.00, 15.30<\/span><br \/>\nNieszpory niedzielne: 15.00<\/p>\n<p>Msze \u015bw. w Uroczysto\u015bci: 7.00, 9.00, 18.00, 19.30<\/p>\n<p>Msze \u015bw. w dni powszednie: 7.00 i 18.00.<\/p>\n<p><strong><span style=\"color: #ff0000;\">W wakacje (od 1 lipca do 31 sierpnia) wtorek i czwartek godz. 7.00; poniedzia\u0142ek, \u015broda, pi\u0105tek i sobota godz. 18.00<\/span><\/strong><\/p>\n<p>Niedziela Palmowa z procesj\u0105 z palmami wok\u00f3\u0142 ko\u015bcio\u0142a oraz rze\u017ab\u0105 Jezusa na osio\u0142ku palmowym: 11.00<\/p>\n<p>Uroczysto\u015b\u0107 Naj\u015bwi\u0119tszego Cia\u0142a i Krwi Pa\u0144skiej &#8211; Bo\u017ce Cia\u0142o: 7.00, 10.00 (po Mszy \u015bw. procesja do 4 o\u0142tarzy), 15.30<\/p>\n<p>Wspomnienie Bo\u017cej \u015anie\u017cnej (5 sierpnia) &#8211; Odpust parafialny: 7.00, 9.00, 11.00 (suma odpustowa), 15.30<\/p>\n<p>Nabo\u017ce\u0144stwa<\/p>\n<p>W ka\u017cd\u0105 \u015brod\u0119: Nowenna do Matki Bo\u017cej Nieustaj\u0105cej Pomocy, godz. 18.00<br \/>\nW ka\u017cdy pi\u0105tek: Msza \u015bw. w intencji Zmar\u0142ych, godz. 18.00<\/p>\n<p>Nabo\u017ce\u0144stwo majowe, w dni powszednie, godz. 17.30; a w niedziel\u0119 o godz. 15.00<br \/>\nNabo\u017ce\u0144stwo czerwcowe, po mszy \u015bw. wieczornej; niedziela, godz. 15.00<br \/>\nNabo\u017ce\u0144stwo pa\u017adziernikowe, godz. 17.15; niedziela, godz. 15.00<\/p>\n<p>Droga Krzy\u017cowa (Wielki Post) pi\u0105tek, godz. 17.15 i 19.30; niedziela, po mszy \u015bw. o godz. 11.00<\/p>\n","protected":false},"excerpt":{"rendered":"<p>Eucharystia Msze \u015bw. w niedziele: 7.00, 9.00, 11.00, 15.30 Nieszpory niedzielne: 15.00 Msze \u015bw. w Uroczysto\u015bci: 7.00, 9.00, 18.00, 19.30 Msze \u015bw. w dni powszednie: 7.00 i 18.00. W wakacje (od 1 lipca do 31 sierpnia) wtorek i czwartek godz. 7.00; poniedzia\u0142ek, \u015broda, pi\u0105tek i sobota godz. 18.00 Niedziela Palmowa z procesj\u0105 z palmami wok\u00f3\u0142 [&hellip;]<\/p>\n","protected":false},"author":2,"featured_media":1080,"parent":0,"menu_order":0,"comment_status":"open","ping_status":"open","template":"","meta":{"footnotes":""},"class_list":["post-1020","page","type-page","status-publish","has-post-thumbnail","hentry"],"_links":{"self":[{"href":"https:\/\/parafiatokarnia.pl\/index.php?rest_route=\/wp\/v2\/pages\/1020","targetHints":{"allow":["GET"]}}],"collection":[{"href":"https:\/\/parafiatokarnia.pl\/index.php?rest_route=\/wp\/v2\/pages"}],"about":[{"href":"https:\/\/parafiatokarnia.pl\/index.php?rest_route=\/wp\/v2\/types\/page"}],"author":[{"embeddable":true,"href":"https:\/\/parafiatokarnia.pl\/index.php?rest_route=\/wp\/v2\/users\/2"}],"replies":[{"embeddable":true,"href":"https:\/\/parafiatokarnia.pl\/index.php?rest_route=%2Fwp%2Fv2%2Fcomments&post=1020"}],"version-history":[{"count":20,"href":"https:\/\/parafiatokarnia.pl\/index.php?rest_route=\/wp\/v2\/pages\/1020\/revisions"}],"predecessor-version":[{"id":9718,"href":"https:\/\/parafiatokarnia.pl\/index.php?rest_route=\/wp\/v2\/pages\/1020\/revisions\/9718"}],"wp:featuredmedia":[{"embeddable":true,"href":"https:\/\/parafiatokarnia.pl\/index.php?rest_route=\/wp\/v2\/media\/1080"}],"wp:attachment":[{"href":"https:\/\/parafiatokarnia.pl\/index.php?rest_route=%2Fwp%2Fv2%2Fmedia&parent=1020"}],"curies":[{"name":"wp","href":"https:\/\/api.w.org\/{rel}","templated":true}]}}

Nabożeństwa

<p>Eucharystia</p>
<p><span style="color: #ff0000;">Msze św. w niedziele: 7.00, 9.00, 11.00, 15.30</span><br />
Nieszpory niedzielne: 15.00</p>
<p>Msze św. w Uroczystości: 7.00, 9.00, 18.00, 19.30</p>
<p>Msze św. w dni powszednie: 7.00 i 18.00.</p>
<p><strong><span style="color: #ff0000;">W wakacje (od 1 lipca do 31 sierpnia) wtorek i czwartek godz. 7.00; poniedziałek, środa, piątek i sobota godz. 18.00</span></strong></p>
<p>Niedziela Palmowa z procesją z palmami wokół kościoła oraz rzeźbą Jezusa na osiołku palmowym: 11.00</p>
<p>Uroczystość Najświętszego Ciała i Krwi Pańskiej &#8211; Boże Ciało: 7.00, 10.00 (po Mszy św. procesja do 4 ołtarzy), 15.30</p>
<p>Wspomnienie Bożej Śnieżnej (5 sierpnia) &#8211; Odpust parafialny: 7.00, 9.00, 11.00 (suma odpustowa), 15.30</p>
<p>Nabożeństwa</p>
<p>W każdą środę: Nowenna do Matki Bożej Nieustającej Pomocy, godz. 18.00<br />
W każdy piątek: Msza św. w intencji Zmarłych, godz. 18.00</p>
<p>Nabożeństwo majowe, w dni powszednie, godz. 17.30; a w niedzielę o godz. 15.00<br />
Nabożeństwo czerwcowe, po mszy św. wieczornej; niedziela, godz. 15.00<br />
Nabożeństwo październikowe, godz. 17.15; niedziela, godz. 15.00</p>
<p>Droga Krzyżowa (Wielki Post) piątek, godz. 17.15 i 19.30; niedziela, po mszy św. o godz. 11.00</p>

<p>Eucharystia Msze św. w niedziele: 7.00, 9.00, 11.00, 15.30 Nieszpory niedzielne: 15.00 Msze św. w Uroczystości: 7.00, 9.00, 18.00, 19.30 Msze św. w dni powszednie: 7.00 i 18.00. W wakacje (od 1 lipca do 31 sierpnia) wtorek i czwartek godz. 7.00; poniedziałek, środa, piątek i sobota godz. 18.00 Niedziela Palmowa z procesją z palmami wokół [&hellip;]</p>
